-67 + 8 + (12 + -14 - -7))?
47
15 + (-10 + 8 - (158 + -172 - (-1 - 0)))
26
2 + -28 + 104 - (19 + 2)
57
Evaluate 29 - (170 - 69 - (-2 - -1)).
-73
What is the value of -26 + 6 + 0 + (-81 + 43 - -163)?
105
7 + (-1 - (0 + 3)) + (-7 - -28) + 28
52
Calculate 2 + (0 - 8) + 1769 + -1771 + 1 + -15.
-22
1 + 3 + ((9 - -2) + -28 - -46)
33
What is the value of (0 - 16 - (8 + -1 - (433 - 424))) + -40?
-54
What is the value of (9 - (33 + -24 - ((0 - 4) + 10))) + -50?
-44
Calculate 15 - (-51 - 1 - (-69 - (31 - 97))).
64
109 + (16 - 10) + 11 - (6 - (5 - -5))
130
What is 8 - (7 + -8 + (13 + -18 - -10))?
4
What is the value of 85 + (18 - 15) + -46?
42
(-136 - (-12 - 13)) + -18
-129
(-49 - (5 + -22 + (-11 - -23))) + 2 + 0
-42
What is -12 + -74 + 39 + 61 + -18?
-4
What is (-1 - (-7 - 48)) + -5?
49
What is (-20 - -29 - 8) + -17 - (-7 - -28)?
-37
What is the value of 30 - -96 - (5 + (-2 + -1 - -4) + 0)?
120
-66 - (0 + (-9 - -42) - 39)
-60
What is the value of 3 - ((-1 - -58) + (16 - (10 - 9)))?
-69
Calculate (23 - 32) + -10 + (-2 - -37).
16
What is -45 + (12 - (-35 + 3))?
-1
0 + -21 - (81 + (-149 - 1))
48
-4 - (29 + -5 + -6 - -4)
-26
What is -6 - ((1 - 5) + -13 + (2 - -8) + 64)?
-63
Evaluate 71 + 2 + -5 - -13 - 28.
53
(2 + 4 - (101 + -34 + -37)) + 11 - -21
8
191 + -112 + (-52 - -26)
53
Calculate 15 + -57 - 71 - (-9 + -20).
-84
(2 - -11) + 4 - (146 - 81)
-48
What is the value of (23 - 26) + -13 + (12 - (-24 - -14 - -155))?
-149
Evaluate (-8 + -16 + 12 - 24) + -3 + -8 - 7.
-54
Calculate (-34 - (-134 + 8)) + -9 + 2 + -7.
78
What is -1469 - -1492 - (1 + 4 + 2 + 2 + -7)?
21
Evaluate -16 + (17 - 11) + -3 + 1 + 2 + -6.
-16
140 + (-187 - -86) + (-2 - -27)
64
What is the value of -77 + (53 - (51 + -40))?
-35
Evaluate 30 + -5 + -22 - ((5 - 9) + (-39 - -1)).
45
What is 13 - (21 + -23 + (-16 - -35))?
-4
What is the value of -285 + 295 + (-7 - -77)?
80
Evaluate (-137 - -119) + (11 - -1) - (46 + (-1 - 1)).
-50
Evaluate -2 - (-16 - 45 - -124).
-65
Evaluate -19 + -13 + 2 - -22 - -26.
18
What is 58 - (15 + 63 + -9)?
-11
Calculate -28 + (-66 - (-2 - 21)) + -6.
-77
What is -11 + -37 + 118 + (-1 - 1) - 20?
48
-27 + (-137 - (-40 + -51))
-73
-5 + -50 + (34 - 16 - (11 + 1)) + -8
-57
Evaluate 7 - 7 - -13 - ((8 - 16) + 30).
-9
Calculate -6 + (31 - (-17 - -27)).
15
Evaluate -11 + -16 + (7 - 10) + 21.
-9
What is -31 + (9 - -89) + -78?
-11
40 + -125 + 96 - 93
-82
What is the value of (-1 + -25 - -8) + -8 + (4 - 1)?
-23
0 + (-118 - -5 - (126 - 123))
-116
What is -71 + (-8 - (8 + (6 - 18) - 2))?
-73
Calculate 7 + 5 + (45 - 20) - 138.
-101
What is 2999 - 3007 - (1 + -55)?
46
-61 - (-14 + -44) - (0 - -7) - 0
-10
Evaluate -73 - 0 - (8071 + -8212).
68
Calculate -4 + 56 + (-2 - -1) + (-5905 - -5895).
41
-10 + (75 + -71 - (-18 - 2) - 9) + -8
-3
What is the value of -11 - (-20 + 1 + (-80 - -143))?
-55
-6 - (6 + (-253 + 259 - (-1 + 3)) - -115)
-131
Calculate -1 + -6 + (308 - 302) + -1.
-2
Calculate 70 + -37 + (28 - 12) + -177.
-128
What is (-82 - -48 - -73) + -46?
-7
Evaluate -61 + (7 - 3) + 66.
9
What is 58 + (85 - 6) + -49?
88
39 - (179 - 77) - -128
65
Evaluate (-13 - 8) + (22 - -38) + 7.
46
Evaluate -4 + (-15 - 12) + 39 - 59.
-51
29 + 26 + -13 - (-1 - -15)
28
151 - (-105 - -192 - -16)
48
Calculate -36 + 6 - ((-2 - 14 - -6) + -1).
-19
Evaluate -28 + (4 - -57) - 55.
-22
What is 60 + (4 - 60) - (0 - (1 + -17) - 0)?
-12
What is the value of (5 + 1 - (-44 + 55)) + 29 + 1 + 4?
29
What is the value of -44 - ((10 + 25 - -11) + -31)?
-59
Evaluate (-15 - (17 + (-3 - -3) + 10)) + 4.
-38
What is the value of -14 + (2 - -18 - 27)?
-21
What is (70 + -2 + 2 + 0 - 3) + (-123 - -120)?
64
31 + -14 + -41 - (19 + 1)
-44
What is -27 - (-75 + -59 + 94)?
13
What is the value of -3 - (83 + -2) - (-25 - -25 - -25 - 12)?
-97
Calculate (1 + -27 - 1) + 79 + (-224 - -139).
-33
Evaluate -1 + 1 - 7 - (-153 + (-173 - -345)).
-26
Calculate (-47 - 42) + 50 + 28.
-11
Evaluate 42 + (-89 - -9) - -72.
34
Evaluate -102 + -1 + (10 - 20) + -24 + (37 - 17).
-117
Evaluate 164 + -39 - (352 - 128).
-99
Evaluate (-103 - (-68 + -57)) + 0 + 2.
24
Evaluate 146 - (-17 + -48 + 31 + 59).
121
What is the value of -1 + -2 + -13 + 5 - (286 - 291)?
-6
Calculate 90 + (-25 + 33 - 87).
11
What is (5618 - 5622) + -2 + 4 + -1 + (5 - 1)?
1
Calculate -25 + (39 - 25 - (-11 + 1)).
-1
Evaluate -70 + (-9 + -43 - -53) + (8 - 1).
-62
-56 - (-54 + 30 - 33)
1
Evaluate 6 + -34 + (-45 + 35 - -43).
5
Calculate -128 + 151 + (-40 - -23).
6
What is the value of (-1 - -17) + 0 - (-215 + 659 + -376)?
-52
Evaluate 1 + (62 - -16) + -64.
15
What is (2 + 0 - -3) + 13 + (37 - 15) + -14?
26
What is 14 - (31 - 21 - (44 - 20))?
28
What is the value of 68 + (29 - 144) + (-1 - -20)?
-28
Calculate 22 + -2 - (815 - 765) - 36.
-66
Evaluate (-1 + 2 - (226 - 246)) + 36.
57
Calculate (-6 - -4) + (5 - -49 - (35 - (76 - 28))).
65
Calculate (56 - (3 - 6)) + (2 + 4 - (-12 + 7)).
70
2 + 16 + -1722 + 1755
51
What is (14 - (5 + 9)) + 9 + -2 + -31?
-24
What is the value of 3 + 95 + -53 + 86 + 6?
137
Calculate -16 - (-17 - (-19 + (25 - 23))).
-16
What is the value of -32 - -4 - (18 - 36) - 29?
-39
(-33 - ((9 - (2 + 13)) + 10)) + 10
-27
What is the value of -50 + -1 + (13 - (-1 + 9 - (25 - 19)))?
-40
What is 1 - -51 - (-20 - -16) - (-7 - -10) - 2?
51
Calculate (3 + -29 - -19) + (-6 - (0 + -1)).
-12
What is the value of (3 + 17 + -15 - -4) + -1 + -37?
-29
Evaluate (36 - 7) + (12 - (-11 + 3 - -32) - -18).
35
What is -12 - ((-32 - -15) + 5 + 6 + (2 - -90))?
-98
Evaluate -36 + 62 + -33 - -36.
29
What is 57 + 10 - 33 - 4?
30
What is the value of -3232 + 3267 + 0 + -49?
-14
What is 21 - (66 + 21 + -180)?
114
Calculate (-28 + 49 - (-1 + 10 + 4)) + 5.
13
Evaluate (-14 - -1) + 32 + 52 + -37.
34
Evaluate -27 + -13 + -18 - -38.
-20
Calculate (-2 - 104) + (-16 - (-20 + 1)).
-103
Calculate 3 + (11 + -18 - (-5 - 1)) + -8 + -11.
-17
What is the value of 1634 + -1573 + (-38 - -2)?
25
What is 0 + (-1 - 2) + (-27 + 14 - 41 - 5)?
-62
(44 - 76 - 21) + 63
10
Evaluate 2 + -23 - (-140 - (15 - 66)).
68
What is 59 - (-79 + 38 + 137)?
-37
3 - (2 + (9 + 0 - -1) - (-654 + 653))
-10
Evaluate 0 + 3 + -3 + 64 - (338 - 350).
76
Evaluate -3 + (5 - (1 + 2)) + 10 + -14.
-5
What is (35 - -2) + -7 + -2 + 1 + 0 + -1?
28
What is (5 + 9 - 7 - -1) + (-2 - 0) - 17?
-11
Calculate 58 + (-117 + 82 - -33).
56
What is the value of 29 + (40 - 79) - -24 - 26?
-12
What is the value of 57 - 10 - 50 - 19?
-22
Calculate 89 - (-12 + 154 + -69).
16
Evaluate 5 - 6 - (-3 - 46) - 10.
38
-7 + 2 + 1482 + -1533
-56
Calculate 53 - (-16 - ((12 - 42) + 51)).
90
What is -100 + (3 - 13) + 3 + 12 + (-20 - -21)?
-94
Evaluate 11 + (-33 + 6 - -10) + -3 + 9.
0
What is (8 - (11 - -9)) + 6 - (-25 + -30)?
49
Evaluate -193 - ((-138 - -61) + -27).
-89
What is 134 + (-62 + 137 - 144)?
65
What is the value of (0 + -17 - (51 - 43)) + 10 + 2?
-13
Calculate (0 - (1 + -2)) + 5 - (-7 + 28 + -37).
22
Evaluate (-56 - (-28 - 21)) + 26 + (1 - 67).
-47
What is -230 - -246 - (4 + -6 + 81)?
-63
What is (185 - 49) + -56 - (-11 + (1 - 1) - -4)?
87
What is 15 + 9 + -38 + -35 - 9?
-58
Calculate -10 + 2 - (-7 - (-4 + 5 - -4)).
4
Evaluate (13 + -18 - 0) + 0 + 0 + 14.
9
Calculate -89 - (-10 - -13) - -177.
85
What is -10 + 2 + (-1 - (67 + -59 - 47))?
30
What is 1 - 5 - -55 - (8 + (-3 - 11) + 3)?
54
What is 3 - 10 - (-12 - -12) - (-36 + -41)?
70
Calculate (2 - -29 - 42) + (-4 + 0 - 42).
-57
Evaluate (-65 - -100) + (-11 - 37).
-13
What is the value of -49 + (-10 - 9) + 9 - (-25 + 4)?
-38
-114 + -5 + (255 + -238 - (-2 + 2 - -26))
-128
(3706 - 3686) + -3 + (-5 - -81)
93
What is the value of 10 - 7 - (37 + -31 + 0)?
-3
Calculate -55 + (180 - 144 - (-2 + 59)).
-76
What is the value of (-15 - -1 - (5 - 5)) + (39999 - 39856)?
129
Calculate 36 + 12 + -31 + -22 - ((-28 - 0) + -1).
24
Evaluate 38 - (-23 + 22 + 12) - 69.
-42
Calculate (-319 - -347 - (79 + -1)) + -22.
-72
What is -9 + (-52 - -65 - 36 - (-7 - -1))?
-26
What is the value of 8 + -1 + ((6 + -12 - -56) + -2 - 12)?
43
Calculate 6 - (37 + -7) - -2 - (42 - 51).
-13
What is (-10 - (-16 - -7) - (0 - 29)) + -6 + -6?
16
What is the value of 32 + 96 + -157 - -107?
78
What is the value of -38 + 54 - 29 - 21?
-34
-1 + 2 + -7 - (-382 - -64 - -339)
-27
Calculate 7 + (15 + 1 - 31) + 5.
-3
What is the value of (-38 - -86) + -85 + 5?
-32
(-2 - (5 - 8)) + 8 - 1